{"id":55,"date":"2017-08-19T12:25:29","date_gmt":"2017-08-19T10:25:29","guid":{"rendered":"http:\/\/levayer.avocat.fr\/?page_id=55"},"modified":"2025-05-12T11:48:54","modified_gmt":"2025-05-12T09:48:54","slug":"honoraires","status":"publish","type":"page","link":"http:\/\/levayer.avocat.fr\/index.php\/honoraires\/","title":{"rendered":"Honoraires"},"content":{"rendered":"<p><script>(function(w,d,s,l,i){w[l]=w[l]||[];w[l].push({'gtm.start':<br \/>\nnew Date().getTime(),event:'gtm.js'});var f=d.getElementsByTagName(s)[0],<br \/>\nj=d.createElement(s),dl=l!='dataLayer'?'&l='+l:'';j.async=true;j.src=<br \/>\n'https:\/\/www.googletagmanager.com\/gtm.js?id='+i+dl;f.parentNode.insertBefore(j,f);<br \/>\n})(window,document,'script','dataLayer','GTM-W649HVS');<\/script><em><strong><span style=\"color: #008000;\">Les honoraires constituent la r\u00e9tribution du travail de l\u2019avocat.<\/span><\/strong><\/em><\/p>\n<p>Les honoraires sont fix\u00e9s selon les usages, en fonction de la situation de fortune du client, de la difficult\u00e9 de l\u2019affaire, des frais expos\u00e9s par l\u2019avocat et de la mati\u00e8re de laquelle rel\u00e8ve le dossier.<\/p>\n<p style=\"text-align: justify;\">Chaque client est accompagn\u00e9 pas \u00e0 pas et b\u00e9n\u00e9ficie de conseils et d\u2019un suivi personnalis\u00e9 ainsi que d\u2019une visibilit\u00e9 totale sur les frais et honoraires qui devront \u00eatre engag\u00e9s.<\/p>\n<p style=\"text-align: justify;\">Une convention d\u2019honoraires est toujours propos\u00e9e au client afin que celui-ci soit inform\u00e9 tr\u00e8s clairement des conditions tarifaires.<\/p>\n<p style=\"text-align: justify;\">Le premier rendez-vous est factur\u00e9 150\u20ac TTC lorsqu&rsquo;il s&rsquo;agit d&rsquo;un rendez-vous d&rsquo;orientation \u00e0 d\u00e9faut et dans le cas d&rsquo;une consultation juridique c&rsquo;est le taux horaire qui s&rsquo;appliquera.<\/p>\n<p style=\"text-align: justify;\">Le taux horaire pratiqu\u00e9 par le cabinet est entre 150 \u20ac HT et 180 \u20ac HT de l\u2019heure, il est d\u00e9termin\u00e9 en fonction de la nature de l\u2019affaire, du temps pass\u00e9 et du type de contentieux.<\/p>\n<p style=\"text-align: justify;\">Vous b\u00e9n\u00e9ficiez peut-\u00eatre d\u2019une assurance juridique pouvant prendre en charge une partie ou la totalit\u00e9 de nos honoraires.<\/p>\n<p style=\"text-align: justify;\">Nous vous invitons donc \u00e0 prendre attache avec votre assurance afin de savoir si vous pouvez en b\u00e9n\u00e9ficier ainsi que le plafond de prise en charge.<\/p>\n<p style=\"text-align: justify;\">Enfin, le montant des honoraires peut \u00eatre totalement ou partiellement rembours\u00e9 en cas de succ\u00e8s de l\u2019affaire lors d\u2019un contentieux judiciaire par l\u2019allocation de sommes par le juge.<\/p>\n<div class=\"et_pb_column et_pb_column_1_3\">\n<div class=\"et_pb_text et_pb_bg_layout_light et_pb_text_align_left\">\n<h4 style=\"text-align: justify;\"><em>Les honoraires peuvent \u00eatre:<\/em><\/h4>\n<h4 style=\"text-align: justify;\"><span style=\"color: #339966;\">\u00ab AU TEMPS PASSE\u00a0\u00bb:<\/span><\/h4>\n<p style=\"text-align: justify;\">Les honoraires seront bas\u00e9s sur le nombre d\u2019heures consacr\u00e9 au traitement du dossier par le Cabinet, selon le taux horaires fix\u00e9 avec le client.<\/p>\n<\/div>\n<\/div>\n<div class=\"et_pb_column et_pb_column_1_3\" style=\"text-align: justify;\">\n<div class=\"et_pb_text et_pb_bg_layout_light et_pb_text_align_left\">\n<h4><span style=\"color: #339966;\">\u00ab AU FORFAIT\u00a0\u00bb:<\/span><\/h4>\n<p>Cette formule est la plus souvent utilis\u00e9e dans le cas o\u00f9 il n\u2019existe que peu d\u2019al\u00e9a, ce qui permet de fixer un montant forfaitaire pour l\u2019ensemble du dossier confi\u00e9 au Cabinet.<\/p>\n<p><strong>Exemple: Le Forfait \u00ab\u00a0Mise en demeure\u00a0\u00bb* propos\u00e9 par le cabinet<br \/>\n<\/strong><\/p>\n<p>Vous avez une marque, un dessin et mod\u00e8le ou un brevet enregistr\u00e9 \u00e0 l&rsquo;INPI et vous souhaitez mettre en demeure un tiers de cesser de l\u2019utiliser sans autorisation.<\/p>\n<p>Le cabinet mettra en demeure le contrefacteur de mettre fin \u00e0 ses actes (sous r\u00e9serve de la production des documents indispensables*).<\/p>\n<p>Un forfait de: 500\u20ac TTC<\/p>\n<p>* la preuve du bon enregistrement de votre cr\u00e9ation (il faut bien entendu que la protection soit toujours valable), les preuves du non-respect de vos droits et un comparatif entre votre \u0153uvre et celle contrefaisante.<\/p>\n<\/div>\n<\/div>\n<div class=\"et_pb_column et_pb_column_1_3\" style=\"text-align: justify;\">\n<div class=\"et_pb_text et_pb_bg_layout_light et_pb_text_align_left\">\n<p><strong>Que ce soit au temps pass\u00e9 ou au forfait, le cabinet peut vous proposer un honoraire compl\u00e9mentaire de r\u00e9sultat:<\/strong><\/p>\n<p>L&rsquo;honoraire de r\u00e9sultat est un compl\u00e9ment de r\u00e9mun\u00e9ration, bas\u00e9\u00a0sur l\u2019obtention d\u2019un r\u00e9sultat pr\u00e9vu entre l&rsquo;avocat et le client. Les honoraires de r\u00e9sultat ne peuvent toutefois pas \u00eatre le seul\u00a0mode de r\u00e9mun\u00e9ration de l\u2019avocat.<\/p>\n<h4><span style=\"color: #339966;\">\u00ab MENSUEL \u00bb:<\/span><\/h4>\n<p>Un abonnement mensuel est possible lorsqu\u2019un client a besoin d\u2019\u00eatre accompagn\u00e9 tout au long de l\u2019ann\u00e9e. Cette abonnement peut \u00eatre envisag\u00e9 sur une dur\u00e9e plus courte en fonction des besoins du client.<\/p>\n<\/div>\n<\/div>\n<h3 style=\"text-align: justify;\"><em><span style=\"color: #008000;\"><strong>Les frais\u00a0:<\/strong><\/span><\/em><\/h3>\n<p style=\"text-align: justify;\">Les frais ne relevant pas du travail de l\u2019avocat mais de la bonne gestion de votre dossier seront factur\u00e9s en sus : il s\u2019agit des frais de d\u00e9placement (audience de plaidoirie), ou des frais de gestion (ouverture du dossier \u2013 photocopies\u2026)<\/p>\n<p><span style=\"border-radius: 2px; text-indent: 20px; width: auto; padding: 0px 4px 0px 0px; text-align: center; font: bold 11px\/20px 'Helvetica Neue',Helvetica,sans-serif; color: #ffffff; background: #bd081c  no-repeat scroll 3px 50% \/ 14px 14px; position: absolute; opacity: 1; z-index: 8675309; display: none; cursor: pointer;\">Enregistrer<\/span><\/p>\n","protected":false},"excerpt":{"rendered":"<p>Les honoraires constituent la r\u00e9tribution du travail de l\u2019avocat. Les honoraires sont fix\u00e9s selon les usages, en fonction de la situation de fortune du client, de la difficult\u00e9 de l\u2019affaire, [&hellip;]<\/p>\n","protected":false},"author":1,"featured_media":0,"parent":0,"menu_order":0,"comment_status":"closed","ping_status":"closed","template":"","meta":{"footnotes":""},"_links":{"self":[{"href":"http:\/\/levayer.avocat.fr\/index.php\/wp-json\/wp\/v2\/pages\/55"}],"collection":[{"href":"http:\/\/levayer.avocat.fr\/index.php\/wp-json\/wp\/v2\/pages"}],"about":[{"href":"http:\/\/levayer.avocat.fr\/index.php\/wp-json\/wp\/v2\/types\/page"}],"author":[{"embeddable":true,"href":"http:\/\/levayer.avocat.fr\/index.php\/wp-json\/wp\/v2\/users\/1"}],"replies":[{"embeddable":true,"href":"http:\/\/levayer.avocat.fr\/index.php\/wp-json\/wp\/v2\/comments?post=55"}],"version-history":[{"count":16,"href":"http:\/\/levayer.avocat.fr\/index.php\/wp-json\/wp\/v2\/pages\/55\/revisions"}],"predecessor-version":[{"id":539,"href":"http:\/\/levayer.avocat.fr\/index.php\/wp-json\/wp\/v2\/pages\/55\/revisions\/539"}],"wp:attachment":[{"href":"http:\/\/levayer.avocat.fr\/index.php\/wp-json\/wp\/v2\/media?parent=55"}],"curies":[{"name":"wp","href":"https:\/\/api.w.org\/{rel}","templated":true}]}}